6629 a prime number?
True
Is 38107 composite?
True
Is 305999 composite?
False
Is 12439 prime?
False
Is 602971 prime?
True
Is 439 composite?
False
Is 6469 a composite number?
False
Is 436919 prime?
False
Is 75133 prime?
True
Is 543767 prime?
False
Is 17077 composite?
False
Is 63079 a prime number?
True
Is 29527 a composite number?
False
Is 32001 composite?
True
Is 41989 composite?
True
Is 15578 prime?
False
Is 130589 a prime number?
True
Is 279797 a prime number?
False
Is 3359 prime?
True
Is 5941 prime?
False
Is 1198631 a prime number?
False
Is 13709 composite?
False
Is 674933 a composite number?
True
Is 1760797 prime?
True
Is 201739 a composite number?
True
Is 5333 prime?
True
Is 111437 a prime number?
False
Is 17519 a composite number?
False
Is 1695887 composite?
False
Is 5197 prime?
True
Is 8903 composite?
True
Is 1236011 composite?
True
Is 106447 composite?
True
Is 9385 a composite number?
True
Is 1893 a composite number?
True
Is 2004433 prime?
True
Is 131807 composite?
True
Is 18982 composite?
True
Is 180887 composite?
True
Is 434593 a composite number?
False
Is 50849 a prime number?
True
Is 140979 a composite number?
True
Is 26023 a prime number?
False
Is 274 prime?
False
Is 94361 a prime number?
False
Is 358901 prime?
True
Is 3793 prime?
True
Is 18973 a composite number?
False
Is 103081 prime?
False
Is 31307 prime?
True
Is 2531 a composite number?
False
Is 78077 prime?
False
Is 80737 a prime number?
True
Is 12422 a composite number?
True
Is 1693 a composite number?
False
Is 9727 prime?
False
Is 370661 a composite number?
False
Is 879 a prime number?
False
Is 1377267 a composite number?
True
Is 222947 prime?
True
Is 32135 prime?
False
Is 83887 composite?
True
Is 1981 composite?
True
Is 8419 a composite number?
False
Is 207107 composite?
True
Is 518863 composite?
False
Is 222601 a prime number?
True
Is 33559 a composite number?
True
Is 708457 a prime number?
True
Is 54751 a prime number?
True
Is 2006821 composite?
True
Is 124951 a composite number?
False
Is 257379 a prime number?
False
Is 1049 composite?
False
Is 42787 a prime number?
True
Is 3271 composite?
False
Is 705593 a composite number?
True
Is 68963 prime?
True
Is 476831 a prime number?
True
Is 287087 a prime number?
True
Is 188213 a prime number?
False
Is 4057 prime?
True
Is 557203 a prime number?
False
Is 725599 composite?
True
Is 900443 prime?
True
Is 6449 a composite number?
False
Is 5591 a composite number?
False
Is 81071 composite?
False
Is 51539 a composite number?
False
Is 2929 a composite number?
True
Is 29167 a composite number?
False
Is 5266 composite?
True
Is 98387 a composite number?
False
Is 62077 a prime number?
False
Is 431177 composite?
True
Is 15646 prime?
False
Is 4999 a prime number?
True
Is 325729 composite?
False
Is 3128963 a composite number?
True
Is 38774 a prime number?
False
Is 40063 a prime number?
True
Is 21767 a composite number?
False
Is 24169 prime?
True
Is 6607 prime?
True
Is 3061934 prime?
False
Is 19999 composite?
True
Is 123653 a prime number?
True
Is 154549 a prime number?
False
Is 1909599 composite?
True
Is 60007 composite?
True
Is 179315 composite?
True
Is 889 prime?
False
Is 2931 a prime number?
False
Is 56569 a composite number?
False
Is 5971 prime?
False
Is 1949 a composite number?
False
Is 4127 prime?
True
Is 217043 a prime number?
False
Is 9383 a composite number?
True
Is 451 prime?
False
Is 19951 a prime number?
False
Is 83837 a prime number?
False
Is 13843 a prime number?
False
Is 27901 a prime number?
True
Is 33185 prime?
False
Is 2531 a prime number?
True
Is 90327 composite?
True
Is 216491 composite?
True
Is 411703 prime?
True
Is 1523 a composite number?
False
Is 13523 composite?
False
Is 58361 a composite number?
True
Is 24031 a composite number?
True
Is 58999 prime?
False
Is 269189 composite?
False
Is 28839 a prime number?
False
Is 3314 a prime number?
False
Is 36229 prime?
True
Is 51542 a prime number?
False
Is 7717 prime?
True
Is 897799 a prime number?
False
Is 160799 a prime number?
False
Is 2489 a prime number?
False
Is 630109 prime?
False
Is 25261 a prime number?
True
Is 15601 a composite number?
False
Is 212411 prime?
True
Is 220291 a composite number?
False
Is 8899 prime?
False
Is 11003 a prime number?
True
Is 97367 composite?
False
Is 905039 a composite number?
True
Is 277433 composite?
True
Is 235997 composite?
False
Is 50637 prime?
False
Is 1151 prime?
True
Is 51757 a composite number?
True
Is 23659 a prime number?
False
Is 76337 a composite number?
True
Is 4193 prime?
False
Is 30903 a prime number?
False
Is 1911347 a composite number?
False
Is 524341 a composite number?
False
Is 8465 composite?
True
Is 3587 prime?
False
Is 120473 composite?
False
Is 42235 a prime number?
False
Is 3155 prime?
False
Is 27361 composite?
False
Is 156785 a prime number?
False
Is 2761 a prime number?
False
Is 777505 composite?
True
Is 7817 composite?
False
Is 5006 a prime number?
False
Is 8057 a composite number?
True
Is 14221 composite?
False
Is 34807 a prime number?
True
Is 5688109 a composite number?
True
Is 735533 a composite number?
False
Is 29703 a prime number?
False
Is 4002763 prime?
False
Is 1174103 prime?
False
Is 755 a composite number?
True
Is 9071 composite?
True
Is 105439 composite?
True
Is 387143 a composite number?
True
Is 137567 a composite number?
False
Is 242227 composite?
False
Is 86069 a prime number?
True
Is 629683 prime?
True
Is 150799 a composite number?
True
Is 3833 a prime number?
True
Is 14393 a prime number?
False
Is 42899 a composite number?
False
Is 40063 composite?
False
Is 369617 composite?
True
Is 97523 prime?
True
Is 7121 prime?
True
Is 8059 prime?
True
Is 5078 a prime number?
False
Is 77641 composite?
False
Is 136241 prime?
False
Is 57479 composite?
True
Is 2857993 prime?
True
Is 25969 a prime number?
True
Is 79481 composite?
False
Is 944561 prime?
True
Is 293489 prime?
False
Is 6347 a composite number?
True
Is 395939 composite?
True
Is 2469 prime?
False
Is 57703 composite?
True
Is 321877 a composite number?
True
Is 2453 composite?
True
Is 46261 a composite number?
False
Is 135713 prime?
False
Is 457 a composite number?
False
Is 36451 a composite number?
False
Is 94421 composite?
False
Is 3049 composite?
False
Is 868103 composite?
False
Is 15571 composite?
True
Is 99941 composite?
True
Is 52963 a prime number?
True
Is 589571 a prime number?
False
Is 404953 a composite number?
True
Is 839951 a composite number?
True
Is 44921 composite?
True
Is 6037 prime?
True
Is 2797 composite?
False
Is 7901 prime?
True
Is 53479 a composite number?
False
Is 1639 composite?
True
Is 16838 a composite number?
True
Is 118451 a composite number?
True
Is 10006 composite?
True
Is 12659 composite?
False
Is 2561 prime?
False
Is 239539 prime?
True
Is 11793 a prime number?
False
Is 91867 prime?
True
Is 926897 a prime number?
False
Is 6833 composite?
False
Is 72217 prime?
False
Is 635 a prime number?
False
Is 538 prime?
False
Is 7142 prime?
False
Is 295 prime?
False
Is 811861 composite?
False
Is 91283 a prime number?
True
Is 85919 prime?
False
Is 173629 composite?
False
Is 778423 composite?
True
Is 21617 composite?
False
Is 28751 prime?
True
Is 5436341 composite?
False
Is 14621 a prime number?
True
Is 130811 a composite number?
False
Is 607301 composite?
False
Is 14369 a prime number?
True
Is 116086 a composite number?
True
Is 1128251 prime?
True
Is 1173873 prime?
False
Is 11582 a prime number?
False
Is 170603 composite?
False
Is 9017 a prime number?
False
Is 48383 composite?
False
Is 5201509 prime?
True
Is 126127 a prime number?
True
Is 10157 composite?
True
Is 243043 prime?
False
Is 17993 a prime number?
False
Is 10453 a composite number?
False
Is 78413 composite?
True
Is 3203311 a prime number?
False
Is 37691 a prime number?
True
Is 84919 a composite number?
False
Is 4799 a prime number?
True
Is 54049 a prime number?
True
Is 1294885 prime?
False
Is 413411 a prime number?
True
Is 20663 a prime number?
True
Is 63569 a composite number?
True
Is 9977 a composite number?
True
Is 4851359 a prime number?
False
Is 92593 prime?
True
Is 273871 prime?
False
Is 139423 a prime number?
True
Is 151889 a composite number?
True
Is 472937 a composite number?
False
Is 96011 a prime number?
False
Is 17691 a composite number?
True
Is 323511 a prime num